{"id":315,"date":"2023-07-11T20:48:45","date_gmt":"2023-07-11T20:48:45","guid":{"rendered":"https:\/\/www.edificiocasagrande.cl\/?page_id=315"},"modified":"2023-12-04T14:30:57","modified_gmt":"2023-12-04T14:30:57","slug":"departamento-1-dormitorio","status":"publish","type":"page","link":"https:\/\/www.edificiocasagrande.cl\/?page_id=315","title":{"rendered":"Departamento 1 Dormitorio"},"content":{"rendered":"\n<div class=\"slider-wrapper relative\" id=\"slider-1525492931\" >\n    <div class=\"slider slider-nav-circle slider-nav-large slider-nav-light slider-style-normal\"\n        data-flickity-options='{\n            \"cellAlign\": \"center\",\n            \"imagesLoaded\": true,\n            \"lazyLoad\": 1,\n            \"freeScroll\": false,\n            \"wrapAround\": true,\n            \"autoPlay\": 6000,\n            \"pauseAutoPlayOnHover\" : true,\n            \"prevNextButtons\": true,\n            \"contain\" : true,\n            \"adaptiveHeight\" : true,\n            \"dragThreshold\" : 10,\n            \"percentPosition\": true,\n            \"pageDots\": true,\n            \"rightToLeft\": false,\n            \"draggable\": true,\n            \"selectedAttraction\": 0.1,\n            \"parallax\" : 0,\n            \"friction\": 0.6        }'\n        >\n        \n\n<div class=\"row row-large align-middle\"  id=\"row-666496978\">\n\n\n\t<div id=\"col-1257558438\" class=\"col medium-6 small-12 large-6\"  >\n\t\t\t\t<div class=\"col-inner text-center\"  >\n\t\t\t\n\t\t\t\n\n<h2 class=\"uppercase\">depto 1 dormitorio y 1 Ba\u00f1o<\/h2>\n<p>46,7 Metros cuadrados.<\/p>\n<p><strong>Desde 2.400 UF&nbsp;<\/strong><\/p>\n<p>El valor no considera estacionamiento ni bodega.<\/p>\n\n\t\t<\/div>\n\t\t\t\t\t<\/div>\n\n\t\n\n\t<div id=\"col-979999880\" class=\"col medium-6 small-12 large-6\"  >\n\t\t\t\t<div class=\"col-inner text-center\"  >\n\t\t\t\n\t\t\t\n\n\t<div class=\"img has-hover x md-x lg-x y md-y lg-y\" id=\"image_389917166\">\n\t\t\t\t\t\t\t\t<div class=\"img-inner box-shadow-2 dark\" >\n\t\t\t<img loading=\"lazy\" decoding=\"async\" width=\"871\" height=\"800\" src=\"https:\/\/www.edificiocasagrande.cl\/wp-content\/uploads\/2023\/06\/Captura-de-pantalla-2023-06-19-a-las-22.39.15-871x800.png\" class=\"attachment-large size-large\" alt=\"\" srcset=\"https:\/\/www.edificiocasagrande.cl\/wp-content\/uploads\/2023\/06\/Captura-de-pantalla-2023-06-19-a-las-22.39.15-871x800.png 871w, https:\/\/www.edificiocasagrande.cl\/wp-content\/uploads\/2023\/06\/Captura-de-pantalla-2023-06-19-a-las-22.39.15-436x400.png 436w, https:\/\/www.edificiocasagrande.cl\/wp-content\/uploads\/2023\/06\/Captura-de-pantalla-2023-06-19-a-las-22.39.15-768x705.png 768w, https:\/\/www.edificiocasagrande.cl\/wp-content\/uploads\/2023\/06\/Captura-de-pantalla-2023-06-19-a-las-22.39.15.png 1126w\" sizes=\"auto, (max-width: 871px) 100vw, 871px\" \/>\t\t\t\t\t\t\n\t\t\t\t\t<\/div>\n\t\t\t\t\t\t\t\t\n<style>\n#image_389917166 {\n  width: 70%;\n}\n<\/style>\n\t<\/div>\n\t\n\n\n\t\t<\/div>\n\t\t\t\t\t<\/div>\n\n\t\n\n<\/div>\n\n     <\/div>\n\n     <div class=\"loading-spin dark large centered\"><\/div>\n\n\t<\/div>\n\n\n<div class=\"row row-large align-center row-divided\"  id=\"row-2105476989\">\n\n\n\t<div id=\"col-1571618547\" class=\"col medium-4 large-4\"  >\n\t\t\t\t<div class=\"col-inner\"  >\n\t\t\t\n\t\t\t\n\n\n\t\t<div class=\"icon-box featured-box icon-box-center text-center\"  style=\"margin:0px 0px 0px 0px;\">\n\t\t\t\t<div class=\"icon-box-text last-reset\">\n\t\t\t<h5 class=\"uppercase\">ALTO STANDAR<\/h5>\t\t\t<h6>DEL PROYECTO<\/h6>\t\t\t\n\n\t<div id=\"text-3301727364\" class=\"text\">\n\t\t\n\n<p>Ventanas Termopanel&nbsp;<br>Cumple con el Plan de Descontaminaci\u00f3n Atmosf\u00e9rica (PDA) | Sistema Aislaci\u00f3n T\u00e9rmica Exterior y Acabado&nbsp; EIFS<\/p>\n\t\t\n<style>\n#text-3301727364 {\n  line-height: 1.6;\n}\n<\/style>\n\t<\/div>\n\t\n\n\t\t<\/div>\n\t<\/div>\n\t\n\t\n\n\t\t<\/div>\n\t\t\t\t\t<\/div>\n\n\t\n\n\t<div id=\"col-292718810\" class=\"col medium-4 large-4\"  >\n\t\t\t\t<div class=\"col-inner\"  >\n\t\t\t\n\t\t\t\n\n\n\t\t<div class=\"icon-box featured-box icon-box-center text-center\"  style=\"margin:0px 0px 0px 0px;\">\n\t\t\t\t<div class=\"icon-box-text last-reset\">\n\t\t\t<h5 class=\"uppercase\">Caracteristicas<\/h5>\t\t\t<h6>del Proyecto<\/h6>\t\t\t\n\n\t<div id=\"text-1961084588\" class=\"text\">\n\t\t\n\n<p>Cocina amoblada, equipada con Campana, Horno y Encimera<br>Proyecto totalmente El\u00e9ctrico<\/p>\n\t\t\n<style>\n#text-1961084588 {\n  line-height: 1.6;\n}\n<\/style>\n\t<\/div>\n\t\n\n\t\t<\/div>\n\t<\/div>\n\t\n\t\n\n\t\t<\/div>\n\t\t\t\t\t<\/div>\n\n\t\n\n<\/div>\n  <style>\n    #gallery-721731762 .grid-col-1{height: 300px}\n    #gallery-721731762 .grid-col-1-2{height: 150px}\n    #gallery-721731762 .grid-col-1-3{height:100px}\n    #gallery-721731762 .grid-col-2-3{height: 200px}\n    #gallery-721731762 .grid-col-1-4{height: 75px}\n    #gallery-721731762 .grid-col-3-4{height: 225px}\n\n\n        \/* Tablet *\/\n    @media (max-width: 850px){\n      #gallery-721731762 .grid-col-1{height: 200px}\n      #gallery-721731762 .grid-col-1-2{height: 100px}\n      #gallery-721731762 .grid-col-1-3{height:66.666666666667px}\n      #gallery-721731762 .grid-col-2-3{height: 133.33333333333px}\n      #gallery-721731762 .grid-col-1-4{height: 50px}\n      #gallery-721731762 .grid-col-3-4{height: 150px}\n    }\n    \n        \/* Mobile *\/\n    @media (max-width: 550px){\n      #gallery-721731762 .grid-col-1{height: 200px}\n      #gallery-721731762 .grid-col-1-2{height: 100px}\n      #gallery-721731762 .grid-col-1-3{height:66.666666666667px}\n      #gallery-721731762 .grid-col-2-3{height: 133.33333333333px}\n      #gallery-721731762 .grid-col-1-4{height: 50px}\n      #gallery-721731762 .grid-col-3-4{height: 150px}\n    }\n    \n\n  <\/style>\n  \n  \n    <div id=\"gallery-721731762\" class=\"row row-grid\" data-packery-options='{\"itemSelector\": \".col\", \"gutter\": 0, \"presentageWidth\" : true}'>\n\n  <div class=\"gallery-col col grid-col grid-col-1 large-6 medium-12\" >\n          <div class=\"col-inner\">\n            <a class=\"image-lightbox lightbox-gallery\" href=\"https:\/\/www.edificiocasagrande.cl\/wp-content\/uploads\/2023\/07\/IMG_5575.jpg\" title=\"\">            <div class=\"box has-hover gallery-box box-overlay dark box-text-center\">\n              <div class=\"box-image box-shadow-3 box-shadow-1-hover\" >\n                <img loading=\"lazy\" decoding=\"async\" width=\"533\" height=\"400\" src=\"https:\/\/www.edificiocasagrande.cl\/wp-content\/uploads\/2023\/07\/IMG_5575-533x400.jpg\" class=\"attachment-medium size-medium\" alt=\"\" ids=\"348,350,347,346,353,354,280\" style=\"normal\" type=\"grid\" grid_height=\"300px\" depth=\"3\" depth_hover=\"1\" srcset=\"https:\/\/www.edificiocasagrande.cl\/wp-content\/uploads\/2023\/07\/IMG_5575-533x400.jpg 533w, https:\/\/www.edificiocasagrande.cl\/wp-content\/uploads\/2023\/07\/IMG_5575-768x576.jpg 768w, https:\/\/www.edificiocasagrande.cl\/wp-content\/uploads\/2023\/07\/IMG_5575.jpg 800w\" sizes=\"auto, (max-width: 533px) 100vw, 533px\" \/>                                  <div class=\"overlay fill\"\n                      style=\"background-color: rgba(0,0,0,.15)\">\n                  <\/div>\n                                                              <\/div>\n              <div class=\"box-text text-left dark\" >\n                 <p><\/p>\n              <\/div>\n            <\/div>\n            <\/a>          <\/div>\n         <\/div><div class=\"gallery-col col grid-col grid-col-1 large-3 medium-6\" >\n          <div class=\"col-inner\">\n            <a class=\"image-lightbox lightbox-gallery\" href=\"https:\/\/www.edificiocasagrande.cl\/wp-content\/uploads\/2023\/07\/IMG_5578.jpg\" title=\"\">            <div class=\"box has-hover gallery-box box-overlay dark box-text-center\">\n              <div class=\"box-image box-shadow-3 box-shadow-1-hover\" >\n                <img loading=\"lazy\" decoding=\"async\" width=\"533\" height=\"400\" src=\"https:\/\/www.edificiocasagrande.cl\/wp-content\/uploads\/2023\/07\/IMG_5578-533x400.jpg\" class=\"attachment-medium size-medium\" alt=\"\" ids=\"348,350,347,346,353,354,280\" style=\"normal\" type=\"grid\" grid_height=\"300px\" depth=\"3\" depth_hover=\"1\" srcset=\"https:\/\/www.edificiocasagrande.cl\/wp-content\/uploads\/2023\/07\/IMG_5578-533x400.jpg 533w, https:\/\/www.edificiocasagrande.cl\/wp-content\/uploads\/2023\/07\/IMG_5578-768x576.jpg 768w, https:\/\/www.edificiocasagrande.cl\/wp-content\/uploads\/2023\/07\/IMG_5578.jpg 800w\" sizes=\"auto, (max-width: 533px) 100vw, 533px\" \/>                                  <div class=\"overlay fill\"\n                      style=\"background-color: rgba(0,0,0,.15)\">\n                  <\/div>\n                                                              <\/div>\n              <div class=\"box-text text-left dark\" >\n                 <p><\/p>\n              <\/div>\n            <\/div>\n            <\/a>          <\/div>\n         <\/div><div class=\"gallery-col col grid-col grid-col-1-2 large-3 medium-6\" >\n          <div class=\"col-inner\">\n            <a class=\"image-lightbox lightbox-gallery\" href=\"https:\/\/www.edificiocasagrande.cl\/wp-content\/uploads\/2023\/07\/IMG_5573.jpg\" title=\"\">            <div class=\"box has-hover gallery-box box-overlay dark box-text-center\">\n              <div class=\"box-image box-shadow-3 box-shadow-1-hover\" >\n                <img loading=\"lazy\" decoding=\"async\" width=\"300\" height=\"400\" src=\"https:\/\/www.edificiocasagrande.cl\/wp-content\/uploads\/2023\/07\/IMG_5573-300x400.jpg\" class=\"attachment-medium size-medium\" alt=\"\" ids=\"348,350,347,346,353,354,280\" style=\"normal\" type=\"grid\" grid_height=\"300px\" depth=\"3\" depth_hover=\"1\" srcset=\"https:\/\/www.edificiocasagrande.cl\/wp-content\/uploads\/2023\/07\/IMG_5573-300x400.jpg 300w, https:\/\/www.edificiocasagrande.cl\/wp-content\/uploads\/2023\/07\/IMG_5573.jpg 450w\" sizes=\"auto, (max-width: 300px) 100vw, 300px\" \/>                                  <div class=\"overlay fill\"\n                      style=\"background-color: rgba(0,0,0,.15)\">\n                  <\/div>\n                                                              <\/div>\n              <div class=\"box-text text-left dark\" >\n                 <p><\/p>\n              <\/div>\n            <\/div>\n            <\/a>          <\/div>\n         <\/div><div class=\"gallery-col col grid-col grid-col-1-2 large-3 medium-6\" >\n          <div class=\"col-inner\">\n            <a class=\"image-lightbox lightbox-gallery\" href=\"https:\/\/www.edificiocasagrande.cl\/wp-content\/uploads\/2023\/07\/IMG_5570.jpg\" title=\"\">            <div class=\"box has-hover gallery-box box-overlay dark box-text-center\">\n              <div class=\"box-image box-shadow-3 box-shadow-1-hover\" >\n                <img loading=\"lazy\" decoding=\"async\" width=\"300\" height=\"400\" src=\"https:\/\/www.edificiocasagrande.cl\/wp-content\/uploads\/2023\/07\/IMG_5570-300x400.jpg\" class=\"attachment-medium size-medium\" alt=\"\" ids=\"348,350,347,346,353,354,280\" style=\"normal\" type=\"grid\" grid_height=\"300px\" depth=\"3\" depth_hover=\"1\" srcset=\"https:\/\/www.edificiocasagrande.cl\/wp-content\/uploads\/2023\/07\/IMG_5570-300x400.jpg 300w, https:\/\/www.edificiocasagrande.cl\/wp-content\/uploads\/2023\/07\/IMG_5570.jpg 450w\" sizes=\"auto, (max-width: 300px) 100vw, 300px\" \/>                                  <div class=\"overlay fill\"\n                      style=\"background-color: rgba(0,0,0,.15)\">\n                  <\/div>\n                                                              <\/div>\n              <div class=\"box-text text-left dark\" >\n                 <p><\/p>\n              <\/div>\n            <\/div>\n            <\/a>          <\/div>\n         <\/div><div class=\"gallery-col col grid-col grid-col-1-2 large-3 medium-6\" >\n          <div class=\"col-inner\">\n            <a class=\"image-lightbox lightbox-gallery\" href=\"https:\/\/www.edificiocasagrande.cl\/wp-content\/uploads\/2023\/07\/IMG_5585.jpg\" title=\"\">            <div class=\"box has-hover gallery-box box-overlay dark box-text-center\">\n              <div class=\"box-image box-shadow-3 box-shadow-1-hover\" >\n                <img loading=\"lazy\" decoding=\"async\" width=\"533\" height=\"400\" src=\"https:\/\/www.edificiocasagrande.cl\/wp-content\/uploads\/2023\/07\/IMG_5585-533x400.jpg\" class=\"attachment-medium size-medium\" alt=\"\" ids=\"348,350,347,346,353,354,280\" style=\"normal\" type=\"grid\" grid_height=\"300px\" depth=\"3\" depth_hover=\"1\" srcset=\"https:\/\/www.edificiocasagrande.cl\/wp-content\/uploads\/2023\/07\/IMG_5585-533x400.jpg 533w, https:\/\/www.edificiocasagrande.cl\/wp-content\/uploads\/2023\/07\/IMG_5585-768x576.jpg 768w, https:\/\/www.edificiocasagrande.cl\/wp-content\/uploads\/2023\/07\/IMG_5585.jpg 800w\" sizes=\"auto, (max-width: 533px) 100vw, 533px\" \/>                                  <div class=\"overlay fill\"\n                      style=\"background-color: rgba(0,0,0,.15)\">\n                  <\/div>\n                                                              <\/div>\n              <div class=\"box-text text-left dark\" >\n                 <p><\/p>\n              <\/div>\n            <\/div>\n            <\/a>          <\/div>\n         <\/div><div class=\"gallery-col col grid-col grid-col-1-2 large-3 medium-6\" >\n          <div class=\"col-inner\">\n            <a class=\"image-lightbox lightbox-gallery\" href=\"https:\/\/www.edificiocasagrande.cl\/wp-content\/uploads\/2023\/07\/IMG_5589.jpg\" title=\"\">            <div class=\"box has-hover gallery-box box-overlay dark box-text-center\">\n              <div class=\"box-image box-shadow-3 box-shadow-1-hover\" >\n                <img loading=\"lazy\" decoding=\"async\" width=\"300\" height=\"400\" src=\"https:\/\/www.edificiocasagrande.cl\/wp-content\/uploads\/2023\/07\/IMG_5589-300x400.jpg\" class=\"attachment-medium size-medium\" alt=\"\" ids=\"348,350,347,346,353,354,280\" style=\"normal\" type=\"grid\" grid_height=\"300px\" depth=\"3\" depth_hover=\"1\" srcset=\"https:\/\/www.edificiocasagrande.cl\/wp-content\/uploads\/2023\/07\/IMG_5589-300x400.jpg 300w, https:\/\/www.edificiocasagrande.cl\/wp-content\/uploads\/2023\/07\/IMG_5589.jpg 450w\" sizes=\"auto, (max-width: 300px) 100vw, 300px\" \/>                                  <div class=\"overlay fill\"\n                      style=\"background-color: rgba(0,0,0,.15)\">\n                  <\/div>\n                                                              <\/div>\n              <div class=\"box-text text-left dark\" >\n                 <p><\/p>\n              <\/div>\n            <\/div>\n            <\/a>          <\/div>\n         <\/div><div class=\"gallery-col col grid-col grid-col-1-2 large-3 medium-6\" >\n          <div class=\"col-inner\">\n            <a class=\"image-lightbox lightbox-gallery\" href=\"https:\/\/www.edificiocasagrande.cl\/wp-content\/uploads\/2023\/06\/IMG_5554-600x800.jpg\" title=\"\">            <div class=\"box has-hover gallery-box box-overlay dark box-text-center\">\n              <div class=\"box-image box-shadow-3 box-shadow-1-hover\" >\n                <img loading=\"lazy\" decoding=\"async\" width=\"300\" height=\"400\" src=\"https:\/\/www.edificiocasagrande.cl\/wp-content\/uploads\/2023\/06\/IMG_5554-300x400.jpg\" class=\"attachment-medium size-medium\" alt=\"\" ids=\"348,350,347,346,353,354,280\" style=\"normal\" type=\"grid\" grid_height=\"300px\" depth=\"3\" depth_hover=\"1\" srcset=\"https:\/\/www.edificiocasagrande.cl\/wp-content\/uploads\/2023\/06\/IMG_5554-300x400.jpg 300w, https:\/\/www.edificiocasagrande.cl\/wp-content\/uploads\/2023\/06\/IMG_5554-600x800.jpg 600w, https:\/\/www.edificiocasagrande.cl\/wp-content\/uploads\/2023\/06\/IMG_5554-768x1024.jpg 768w, https:\/\/www.edificiocasagrande.cl\/wp-content\/uploads\/2023\/06\/IMG_5554.jpg 800w\" sizes=\"auto, (max-width: 300px) 100vw, 300px\" \/>                                  <div class=\"overlay fill\"\n                      style=\"background-color: rgba(0,0,0,.15)\">\n                  <\/div>\n                                                              <\/div>\n              <div class=\"box-text text-left dark\" >\n                 <p><\/p>\n              <\/div>\n            <\/div>\n            <\/a>          <\/div>\n         <\/div><\/div>\n\n\t<section class=\"section\" id=\"section_2027076752\">\n\t\t<div class=\"bg section-bg fill bg-fill  bg-loaded\" >\n\n\t\t\t\n\t\t\t\n\t\t\t\n\n\t\t<\/div>\n\n\t\t\n\n\t\t<div class=\"section-content relative\">\n\t\t\t\n\n\n\t\t<\/div>\n\n\t\t\n<style>\n#section_2027076752 {\n  padding-top: 30px;\n  padding-bottom: 30px;\n  background-color: rgb(255, 255, 255);\n}\n<\/style>\n\t<\/section>\n\t\n\t<section class=\"section\" id=\"section_663549151\">\n\t\t<div class=\"bg section-bg fill bg-fill  bg-loaded\" >\n\n\t\t\t\n\t\t\t<div class=\"section-bg-overlay absolute fill\"><\/div>\n\t\t\t\n\t<div class=\"is-border\"\n\t\tstyle=\"border-width:1px 0px 1px 0px;\">\n\t<\/div>\n\n\t\t<\/div>\n\n\t\t\n\n\t\t<div class=\"section-content relative\">\n\t\t\t\n\n<div class=\"row row-large align-middle\"  id=\"row-671926483\">\n\n\n\t<div id=\"col-601497762\" class=\"col medium-6 small-12 large-6\"  >\n\t\t\t\t<div class=\"col-inner\"  >\n\t\t\t\n\t\t\t\n\n\t<div class=\"img has-hover x md-x lg-x y md-y lg-y\" id=\"image_1178887\">\n\t\t\t\t\t\t\t\t<div class=\"img-inner box-shadow-2 dark\" >\n\t\t\t<img loading=\"lazy\" decoding=\"async\" width=\"1020\" height=\"574\" src=\"https:\/\/www.edificiocasagrande.cl\/wp-content\/uploads\/2023\/06\/Sotomsyor-6.jpg\" class=\"attachment-large size-large\" alt=\"\" srcset=\"https:\/\/www.edificiocasagrande.cl\/wp-content\/uploads\/2023\/06\/Sotomsyor-6.jpg 1024w, https:\/\/www.edificiocasagrande.cl\/wp-content\/uploads\/2023\/06\/Sotomsyor-6-711x400.jpg 711w, https:\/\/www.edificiocasagrande.cl\/wp-content\/uploads\/2023\/06\/Sotomsyor-6-768x432.jpg 768w\" sizes=\"auto, (max-width: 1020px) 100vw, 1020px\" \/>\t\t\t\t\t\t\n\t\t\t\t\t<\/div>\n\t\t\t\t\t\t\t\t\n<style>\n#image_1178887 {\n  width: 100%;\n}\n<\/style>\n\t<\/div>\n\t\n\n\n\t\t<\/div>\n\t\t\t\t\t<\/div>\n\n\t\n\n\t<div id=\"col-155158538\" class=\"col medium-6 small-12 large-6\"  >\n\t\t\t\t<div class=\"col-inner text-left\"  >\n\t\t\t\n\t\t\t\n\n<h2 class=\"uppercase\">Edificio casa grande<\/h2>\n<p>Inmobiliaria Puerto Madero Ltda. es&nbsp; una empresa chillaneja, del grupo de empresas de Hurtado y Carrasco Constructora Ltda.<\/p>\n<p><strong>Sotomayor #211, esquina Ferm\u00edn Vivaceta, Chill\u00e1n.<\/strong><\/p>\n\n\t\t<\/div>\n\t\t\t\t\t<\/div>\n\n\t\n\n<\/div>\n\n\t\t<\/div>\n\n\t\t\n<style>\n#section_663549151 {\n  padding-top: 60px;\n  padding-bottom: 60px;\n  background-color: rgb(193, 193, 193);\n}\n#section_663549151 .section-bg-overlay {\n  background-color: rgba(255, 255, 255, 0.85);\n}\n<\/style>\n\t<\/section>\n\t\n<div class=\"message-box relative dark\" style=\"padding-top:36px;padding-bottom:36px;\"><div class=\"message-box-bg-image bg-fill fill\" ><\/div><div class=\"message-box-bg-overlay bg-fill fill\" style=\"background-color:rgb(74, 74, 74);\"><\/div><div class=\"container relative\"><div class=\"inner last-reset\">\n\n<div class=\"row align-middle\"  id=\"row-473295882\">\n\n\n\t<div id=\"col-810974037\" class=\"col medium-7 small-12 large-7\"  >\n\t\t\t\t<div class=\"col-inner\"  >\n\t\t\t\n\t\t\t\n\n\t<div id=\"text-3196623699\" class=\"text\">\n\t\t\n\n<h2 class=\"uppercase\">CONTACTENOS<\/h2>\n<h3>Tel\u00e9fono: + 56 933770237 | Mail: edificiocasagrande@hyc.cl<br \/>\u00a0<\/h3>\n\t\t\n<style>\n#text-3196623699 {\n  font-size: 0.9rem;\n  line-height: 1.3;\n}\n<\/style>\n\t<\/div>\n\t\n\n\t\t<\/div>\n\t\t\t\t\t<\/div>\n\n\t\n\n\t<div id=\"col-965700801\" class=\"col medium-5 small-12 large-5\"  >\n\t\t\t\t<div class=\"col-inner text-right\"  >\n\t\t\t\n\t\t\t\n\n\n\t\t<\/div>\n\t\t\t\t\t<\/div>\n\n\t\n\n<\/div>\n\n<\/div><\/div><\/div>\n\n","protected":false},"excerpt":{"rendered":"","protected":false},"author":2,"featured_media":0,"parent":0,"menu_order":1,"comment_status":"closed","ping_status":"closed","template":"page-blank.php","meta":{"_joinchat":[],"footnotes":""},"class_list":["post-315","page","type-page","status-publish","hentry"],"_links":{"self":[{"href":"https:\/\/www.edificiocasagrande.cl\/index.php?rest_route=\/wp\/v2\/pages\/315","targetHints":{"allow":["GET"]}}],"collection":[{"href":"https:\/\/www.edificiocasagrande.cl\/index.php?rest_route=\/wp\/v2\/pages"}],"about":[{"href":"https:\/\/www.edificiocasagrande.cl\/index.php?rest_route=\/wp\/v2\/types\/page"}],"author":[{"embeddable":true,"href":"https:\/\/www.edificiocasagrande.cl\/index.php?rest_route=\/wp\/v2\/users\/2"}],"replies":[{"embeddable":true,"href":"https:\/\/www.edificiocasagrande.cl\/index.php?rest_route=%2Fwp%2Fv2%2Fcomments&post=315"}],"version-history":[{"count":11,"href":"https:\/\/www.edificiocasagrande.cl\/index.php?rest_route=\/wp\/v2\/pages\/315\/revisions"}],"predecessor-version":[{"id":386,"href":"https:\/\/www.edificiocasagrande.cl\/index.php?rest_route=\/wp\/v2\/pages\/315\/revisions\/386"}],"wp:attachment":[{"href":"https:\/\/www.edificiocasagrande.cl\/index.php?rest_route=%2Fwp%2Fv2%2Fmedia&parent=315"}],"curies":[{"name":"wp","href":"https:\/\/api.w.org\/{rel}","templated":true}]}}